646 is divided by 1644.
1038
Calculate the remainder when 322436 is divided by 321706.
730
Calculate the remainder when 1368094 is divided by 303.
49
What is the remainder when 668767230 is divided by 51?
48
What is the remainder when 8958086 is divided by 34454?
46
Calculate the remainder when 1939090 is divided by 196.
62
Calculate the remainder when 74490 is divided by 973.
542
Calculate the remainder when 69929720 is divided by 128.
120
What is the remainder when 1772819 is divided by 1416?
1403
What is the remainder when 24894 is divided by 244?
6
Calculate the remainder when 2377762 is divided by 590.
62
What is the remainder when 328238 is divided by 168?
134
Calculate the remainder when 33251 is divided by 4680.
491
Calculate the remainder when 1292571 is divided by 99.
27
Calculate the remainder when 364415 is divided by 364238.
177
What is the remainder when 610758 is divided by 24426?
108
Calculate the remainder when 1462005 is divided by 91267.
1733
Calculate the remainder when 282745851 is divided by 2272.
2267
Calculate the remainder when 28632054 is divided by 8.
6
Calculate the remainder when 5041356 is divided by 23668.
72
What is the remainder when 225354 is divided by 75103?
45
Calculate the remainder when 1341681 is divided by 48.
33
Calculate the remainder when 1527880895 is divided by 3648.
3647
Calculate the remainder when 2603242 is divided by 1125.
1117
What is the remainder when 9868996 is divided by 8392?
4
Calculate the remainder when 32063965 is divided by 30.
25
What is the remainder when 8480585 is divided by 2826752?
329
Calculate the remainder when 2605237 is divided by 61.
49
Calculate the remainder when 29397659 is divided by 4721.
4713
Calculate the remainder when 321598 is divided by 874.
840
What is the remainder when 2989702 is divided by 996563?
13
What is the remainder when 14434479 is divided by 3608619?
3
What is the remainder when 412617 is divided by 41255?
67
Calculate the remainder when 633495 is divided by 211152.
39
Calculate the remainder when 7036778 is divided by 1869.
1862
What is the remainder when 394592 is divided by 44?
0
Calculate the remainder when 10509 is divided by 1995.
534
Calculate the remainder when 136798 is divided by 499.
72
Calculate the remainder when 424944 is divided by 210844.
3256
What is the remainder when 593609777 is divided by 314?
313
Calculate the remainder when 1031873608 is divided by 5698.
5694
What is the remainder when 2263248 is divided by 744?
0
What is the remainder when 1228054 is divided by 122?
2
What is the remainder when 475710 is divided by 79279?
36
Calculate the remainder when 2570 is divided by 592.
202
Calculate the remainder when 39452 is divided by 2076.
8
Calculate the remainder when 145203 is divided by 2904.
3
What is the remainder when 46172 is divided by 15294?
290
Calculate the remainder when 34116 is divided by 3763.
249
What is the remainder when 29751411 is divided by 5639?
47
What is the remainder when 226564 is divided by 641?
291
What is the remainder when 1936102 is divided by 1867?
23
What is the remainder when 836353 is divided by 418158?
37
What is the remainder when 60533 is divided by 47?
44
What is the remainder when 135727746 is divided by 135727741?
5
Calculate the remainder when 57689 is divided by 1401.
248
Calculate the remainder when 1070271 is divided by 502.
7
What is the remainder when 9007 is divided by 6713?
2294
What is the remainder when 206832233 is divided by 119?
118
Calculate the remainder when 3368293 is divided by 226.
215
Calculate the remainder when 1209773 is divided by 918.
767
What is the remainder when 11937387 is divided by 18337?
0
What is the remainder when 866595 is divided by 4634?
37
Calculate the remainder when 5638260 is divided by 512569.
1
What is the remainder when 340770 is divided by 340460?
310
What is the remainder when 26196147 is divided by 188?
39
What is the remainder when 769756 is divided by 1264?
1244
Calculate the remainder when 10413518 is divided by 3421.
3415
What is the remainder when 75605292 is divided by 877?
876
Calculate the remainder when 75486 is divided by 6845.
191
Calculate the remainder when 305164 is divided by 101715.
19
What is the remainder when 31367 is divided by 331?
253
Calculate the remainder when 13595912 is divided by 929.
926
What is the remainder when 93502 is divided by 1074?
64
Calculate the remainder when 178123 is divided by 218.
17
What is the remainder when 13522548 is divided by 3316?
3216
What is the remainder when 2411208 is divided by 22?
8
What is the remainder when 303165 is divided by 1042?
985
Calculate the remainder when 3743620 is divided by 81383.
2
Calculate the remainder when 6582424 is divided by 453.
334
What is the remainder when 9288 is divided by 4407?
474
What is the remainder when 793057 is divided by 4663?
347
Calculate the remainder when 2084799 is divided by 1192.
1183
What is the remainder when 571568 is divided by 284278?
3012
What is the remainder when 116748430 is divided by 216?
214
Calculate the remainder when 524182 is divided by 110.
32
What is the remainder when 41410628 is divided by 13803539?
11
Calculate the remainder when 537914 is divided by 722.
24
Calculate the remainder when 78889144 is divided by 39444556.
32
Calculate the remainder when 2303990 is divided by 142.
40
Calculate the remainder when 322212 is divided by 18953.
11
Calculate the remainder when 5261528 is divided by 1389.
1385
What is the remainder when 56496 is divided by 5137?
5126
Calculate the remainder when 9715359 is divided by 4857669.
21
Calculate the remainder when 11685119 is divided by 301.
299
Calculate the remainder when 219567 is divided by 219561.
6
Calculate the remainder when 115196951 is divided by 1354.
1339
Calculate the remainder when 40713 is divided by 7957.
928
What is the remainder when 30903 is divided by 30640?
263
Calculate the remainder when 42177 is divided by 14057.
6
What is the remainder when 17973840 is divided by 65?
40
What is the remainder when 4236904 is divided by 10?
4
Calculate the remainder when 350615833 is divided by 18.
7
What is the remainder when 205243729 is divided by 58?
57
What is the remainder when 13972718 is divided by 800?
718
Calculate the remainder when 4354938 is divided by 745.
413
What is the remainder when 817853 is divided by 919?
862
What is the remainder when 48804 is divided by 48721?
83
What is the remainder when 27715377 is divided by 21?
18
Calculate the remainder when 234175 is divided by 234102.
73
What is the remainder when 2187371 is divided by 156?
95
What is the remainder when 23523549 is divided by 549?
546
Calculate the remainder when 46727488 is divided by 345.
343
Calculate the remainder when 12854112 is divided by 179.
122
What is the remainder when 5949661 is divided by 11666?
1
Calculate the remainder when 602278727 is divided by 10.
7
Calculate the remainder when 2487450 is divided by 993.
978
What is the remainder when 30176601 is divided by 149?
78
What is the remainder when 1058264 is divided by 1584?
152
What is the remainder when 94376 is divided by 484?
480
Calculate the remainder when 16003034 is divided by 51.
50
What is the remainder when 2577564 is divided by 284?
264
Calculate the remainder when 11396323 is divided by 211043.
1
Calculate the remainder when 2772354 is divided by 1385975.
404
Calculate the remainder when 3759639 is divided by 974.
973
Calculate the remainder when 192788639 is divided by 1584.
1583
What is the remainder when 1594969 is divided by 2037?
2035
What is the remainder when 150892 is divided by 25094?
328
What is the remainder when 97110 is divided by 12134?
38
Calculate the remainder when 4508206 is divided by 187.
10
What is the remainder when 136685 is divided by 352?
109
What is the remainder when 4376105 is divided by 567?
566
Calculate the remainder when 126454 is divided by 1539.
256
Calculate the remainder when 207448953 is divided by 708.
705
Calculate the remainder when 219888 is divided by 612.
180
What is the remainder when 131550 is divided by 2307?
51
Calculate the remainder when 8788200 is divided by 798927.
3
What is the remainder when 12008807 is divided by 464?
23
What is the remainder when 34812 is divided 